of 208 and 473776?
16
Calculate the highest common factor of 570 and 1069358.
38
What is the greatest common divisor of 187976 and 40?
8
Calculate the greatest common factor of 768 and 51.
3
Calculate the greatest common divisor of 440 and 10351.
11
Calculate the highest common divisor of 123810 and 510.
30
What is the highest common divisor of 3410387 and 83?
83
What is the highest common divisor of 320 and 82520?
40
What is the greatest common factor of 487366 and 22?
22
Calculate the highest common factor of 1158 and 70.
2
Calculate the greatest common factor of 108 and 539379.
27
What is the greatest common divisor of 6329400 and 33?
33
What is the greatest common factor of 22842 and 23547?
141
Calculate the highest common factor of 5922 and 14006.
94
Calculate the greatest common divisor of 273 and 15652.
91
Calculate the highest common factor of 56532 and 546.
42
What is the greatest common divisor of 19712 and 7084?
308
What is the highest common divisor of 1542 and 86866?
514
Calculate the greatest common factor of 483 and 78591.
69
Calculate the greatest common divisor of 30 and 148200.
30
What is the greatest common factor of 10741 and 198008?
467
Calculate the greatest common divisor of 5424 and 4032.
48
What is the greatest common factor of 4968 and 738?
18
What is the highest common factor of 189 and 75432?
21
What is the greatest common factor of 2072139 and 708?
177
What is the greatest common divisor of 33291 and 68911?
137
Calculate the highest common factor of 126324 and 783.
261
What is the greatest common divisor of 598 and 10994?
46
Calculate the greatest common divisor of 2951 and 146869.
227
Calculate the greatest common factor of 432 and 54.
54
What is the greatest common factor of 1766 and 32?
2
What is the greatest common factor of 37180 and 52?
52
What is the highest common factor of 8536 and 739528?
776
What is the highest common factor of 92209 and 76752?
533
Calculate the greatest common divisor of 1369 and 93203.
37
Calculate the greatest common divisor of 23 and 36639.
23
What is the greatest common divisor of 636 and 227476?
212
Calculate the greatest common divisor of 983416 and 14.
14
Calculate the greatest common factor of 20888 and 2352.
56
Calculate the highest common factor of 64834 and 13398.
154
Calculate the greatest common factor of 37 and 293003.
37
What is the greatest common divisor of 72082 and 92?
46
What is the greatest common factor of 188202 and 42?
42
Calculate the greatest common divisor of 294 and 112406.
98
What is the greatest common factor of 1038264 and 120?
24
What is the greatest common factor of 90366 and 102?
6
What is the greatest common divisor of 141552 and 45?
9
What is the highest common factor of 1960 and 3248455?
245
What is the greatest common divisor of 1280 and 66320?
80
What is the greatest common divisor of 2426 and 12?
2
Calculate the highest common divisor of 175 and 605115.
35
Calculate the highest common divisor of 5904 and 12.
12
What is the greatest common divisor of 49243 and 92?
23
Calculate the greatest common divisor of 371 and 2051.
7
What is the greatest common factor of 25 and 187425?
25
What is the highest common factor of 2775 and 2925?
75
Calculate the greatest common divisor of 187 and 426547.
187
Calculate the highest common divisor of 95091 and 2697.
87
Calculate the highest common divisor of 2397 and 206330.
47
What is the greatest common divisor of 56091 and 3?
3
What is the greatest common factor of 141235 and 18800?
235
Calculate the highest common factor of 564 and 102756.
12
Calculate the greatest common factor of 176 and 187.
11
What is the greatest common factor of 1013635 and 25?
5
Calculate the greatest common divisor of 430 and 380.
10
What is the highest common divisor of 764 and 2127931?
191
Calculate the highest common factor of 71288 and 1729.
133
Calculate the greatest common divisor of 14 and 1267.
7
What is the highest common divisor of 1536 and 40960?
512
What is the greatest common divisor of 3806 and 42768?
22
What is the greatest common divisor of 1449 and 2052?
9
Calculate the greatest common divisor of 50 and 240510.
10
Calculate the highest common factor of 112 and 13865936.
112
Calculate the greatest common divisor of 325 and 130195.
65
What is the greatest common divisor of 9 and 120339?
9
Calculate the highest common factor of 454024 and 232.
232
Calculate the highest common divisor of 150586 and 412.
206
What is the highest common factor of 492 and 12710?
82
Calculate the highest common divisor of 16203 and 429.
33
What is the greatest common divisor of 216 and 272088?
72
Calculate the greatest common factor of 14 and 77042.
14
What is the greatest common divisor of 67410 and 25830?
630
What is the highest common factor of 152 and 224124?
76
What is the highest common divisor of 6354 and 54?
18
Calculate the highest common factor of 4210 and 70.
10
What is the greatest common divisor of 1305 and 7245?
45
What is the highest common factor of 9152 and 3652?
44
What is the greatest common divisor of 84 and 587937?
21
Calculate the greatest common factor of 92 and 263235.
23
Calculate the greatest common divisor of 1075 and 305.
5
Calculate the highest common divisor of 512 and 9428.
4
Calculate the highest common divisor of 3360 and 364.
28
Calculate the highest common divisor of 34781 and 8.
1
What is the highest common factor of 2595608 and 16?
8
Calculate the greatest common divisor of 16490 and 510.
170
What is the greatest common factor of 20776 and 6272?
392
What is the highest common divisor of 12 and 296043?
3
Calculate the highest common divisor of 366548 and 676.
52
Calculate the highest common factor of 115 and 28129.
23
What is the highest common factor of 17927 and 1027?
13
What is the greatest common divisor of 4225 and 39?
13
What is the highest common divisor of 71703 and 549?
9
What is the highest common factor of 14477 and 2?
1
Calculate the greatest common divisor of 1349 and 2059.
71
Calculate the greatest common divisor of 115342 and 202.
202
Calculate the greatest common factor of 646567 and 465.
31
Calculate the highest common factor of 147170 and 10.
10
Calculate the greatest common divisor of 87934 and 5139.
571
Calculate the highest common divisor of 2318 and 950.
38
What is the greatest common divisor of 150 and 27325?
25
What is the greatest common divisor of 74798 and 45933?
251
Calculate the greatest common divisor of 722 and 27607.
19
Calculate the greatest common factor of 8728 and 799703.
1091
What is the highest common factor of 10800 and 113200?
400
What is the highest common divisor of 492 and 69864?
492
What is the highest common factor of 145030 and 10?
10
What is the greatest common factor of 2320 and 2608?
16
Calculate the greatest common factor of 21740 and 40.
20
What is the greatest common factor of 10393 and 6479?
19
What is the greatest common factor of 28365 and 6665?
155
What is the greatest common divisor of 26379 and 27?
27
What is the highest common divisor of 116092 and 284?
4
What is the greatest common factor of 456 and 16530?
114
What is the highest common divisor of 33 and 420651?
33
What is the greatest common factor of 701803 and 817?
817
Calculate the greatest common factor of 3502 and 4556.
34
What is the highest common factor of 2908800 and 2727?
909
What is the greatest common factor of 4185 and 638445?
465
Calculate the greatest common divisor of 15 and 301695.
15
Calculate the greatest common factor of 61932 and 117.
39
What is the greatest common factor of 3440 and 339880?
40
Calculate the highest common factor of 93839 and 5671.
107
Calculate the highest common factor of 54950 and 5600.
350
Calculate the greatest common factor of 895083 and 147.
147
What is the highest common divisor of 1175 and 235?
235
What is the highest common factor of 65808 and 396?
36
What is the greatest common factor of 13892415 and 15?
15
What is the highest common factor of 105444 and 202?
202
What is the greatest common divisor of 1111192 and 24?
8
Calculate the greatest common factor of 3244314 and 6936.
1734
What is the highest common factor of 57400 and 10304?
56
What is the highest common factor of 4697 and 594?
11
Calculate the highest common factor of 574 and 999662.
82
Wha